ivided by 636?
303
What is the remainder when 773348 is divided by 16107?
212
Calculate the remainder when 143517 is divided by 802.
761
Calculate the remainder when 521398 is divided by 2219.
2152
What is the remainder when 43141 is divided by 12907?
4420
Calculate the remainder when 15035244 is divided by 36851.
36
Calculate the remainder when 15841 is divided by 3087.
406
Calculate the remainder when 1908681 is divided by 889.
887
What is the remainder when 42202200 is divided by 502407?
12
What is the remainder when 2286862 is divided by 2286834?
28
What is the remainder when 641233 is divided by 153?
10
Calculate the remainder when 271100 is divided by 2466.
2306
What is the remainder when 64375 is divided by 10704?
151
Calculate the remainder when 1751041 is divided by 4560.
1
What is the remainder when 183337 is divided by 324?
277
Calculate the remainder when 5726723 is divided by 276.
275
What is the remainder when 10346852 is divided by 73906?
12
What is the remainder when 8262293 is divided by 1496?
1381
Calculate the remainder when 1575854 is divided by 387.
377
Calculate the remainder when 12976743 is divided by 87.
84
Calculate the remainder when 4942343 is divided by 1684.
1487
Calculate the remainder when 203778 is divided by 33926.
222
What is the remainder when 46921 is divided by 119?
35
What is the remainder when 142195004 is divided by 2106?
2096
Calculate the remainder when 1281788 is divided by 32.
28
What is the remainder when 58643427 is divided by 243?
237
Calculate the remainder when 3180585 is divided by 11.
1
What is the remainder when 265523 is divided by 32841?
2795
What is the remainder when 51661 is divided by 2147?
133
Calculate the remainder when 183571955 is divided by 279.
278
What is the remainder when 11606990 is divided by 10678?
4
What is the remainder when 1382646 is divided by 1256?
1046
What is the remainder when 596225 is divided by 709?
665
What is the remainder when 97170 is divided by 1426?
202
What is the remainder when 289929 is divided by 526?
103
What is the remainder when 1244497 is divided by 40142?
95
Calculate the remainder when 3050726 is divided by 1525320.
86
What is the remainder when 947159 is divided by 1022?
787
What is the remainder when 276553 is divided by 1162?
1159
Calculate the remainder when 125083 is divided by 3680.
3643
Calculate the remainder when 21900782 is divided by 46.
44
What is the remainder when 403753 is divided by 3613?
2710
What is the remainder when 12641248 is divided by 3243?
34
What is the remainder when 806587 is divided by 2513?
2427
What is the remainder when 74623500 is divided by 37311748?
4
Calculate the remainder when 419287 is divided by 46586.
13
What is the remainder when 5476625 is divided by 28?
21
What is the remainder when 998005 is divided by 9689?
38
Calculate the remainder when 313499 is divided by 155580.
2339
Calculate the remainder when 29449214 is divided by 755108.
2
Calculate the remainder when 14550 is divided by 537.
51
Calculate the remainder when 668123 is divided by 10122.
71
Calculate the remainder when 6706233 is divided by 546.
261
Calculate the remainder when 238697 is divided by 237900.
797
Calculate the remainder when 360970 is divided by 11644.
6
What is the remainder when 6299698 is divided by 27037?
77
What is the remainder when 146963 is divided by 18274?
771
What is the remainder when 17148 is divided by 2284?
1160
What is the remainder when 851889 is divided by 1940?
229
What is the remainder when 3102798 is divided by 1034214?
156
Calculate the remainder when 1509852 is divided by 116141.
19
Calculate the remainder when 2221320 is divided by 2221314.
6
Calculate the remainder when 136997 is divided by 130300.
6697
What is the remainder when 9353628 is divided by 119?
109
Calculate the remainder when 881786 is divided by 6166.
48
Calculate the remainder when 2736948 is divided by 144038.
226
Calculate the remainder when 386911 is divided by 43.
40
Calculate the remainder when 154920 is divided by 30295.
3445
Calculate the remainder when 13791128 is divided by 6895563.
2
What is the remainder when 5329180 is divided by 256?
28
Calculate the remainder when 24489 is divided by 922.
517
Calculate the remainder when 34907113 is divided by 136.
129
Calculate the remainder when 19940 is divided by 1692.
1328
What is the remainder when 9259811 is divided by 3086599?
14
What is the remainder when 80660 is divided by 1183?
216
Calculate the remainder when 72215274 is divided by 12.
6
Calculate the remainder when 1042718228 is divided by 10.
8
Calculate the remainder when 53558 is divided by 1571.
144
Calculate the remainder when 82878517 is divided by 11839788.
1
What is the remainder when 99444700 is divided by 33148229?
13
Calculate the remainder when 6277103 is divided by 136457.
81
Calculate the remainder when 4765265 is divided by 2382613.
39
Calculate the remainder when 154503 is divided by 2008.
1895
Calculate the remainder when 236955 is divided by 983.
52
What is the remainder when 2492144 is divided by 155759?
0
Calculate the remainder when 7680470 is divided by 32.
22
Calculate the remainder when 2805562 is divided by 37913.
0
What is the remainder when 909237 is divided by 1184?
1109
What is the remainder when 1378948 is divided by 65664?
4
What is the remainder when 955507 is divided by 477731?
45
Calculate the remainder when 1568 is divided by 90.
38
What is the remainder when 2554614 is divided by 5779?
296
Calculate the remainder when 73170 is divided by 842.
758
Calculate the remainder when 107492127 is divided by 41.
8
What is the remainder when 141251542 is divided by 3738?
3736
What is the remainder when 288305 is divided by 288274?
31
What is the remainder when 16563788 is divided by 146582?
22
Calculate the remainder when 264050 is divided by 11477.
79
What is the remainder when 1053895 is divided by 6843?
73
What is the remainder when 13548931 is divided by 624?
19
Calculate the remainder when 1738124 is divided by 464.
444
What is the remainder when 858845947 is divided by 12921?
12919
Calculate the remainder when 1706226 is divided by 2601.
2571
Calculate the remainder when 20687609 is divided by 18.
11
Calculate the remainder when 1941834 is divided by 4941.
21
What is the remainder when 515251 is divided by 163?
8
Calculate the remainder when 248600804 is divided by 417.
416
Calculate the remainder when 2635847 is divided by 526.
61
What is the remainder when 5430888 is divided by 5109?
21
What is the remainder when 22821793 is divided by 10?
3
Calculate the remainder when 5372648 is divided by 241.
35
Calculate the remainder when 36291593 is divided by 22.
19
What is the remainder when 83267186 is divided by 1553?
1538
Calculate the remainder when 284503 is divided by 1309.
450
Calculate the remainder when 22360209 is divided by 2597.
39
Calculate the remainder when 952974 is divided by 317601.
171
Calculate the remainder when 595601 is divided by 22050.
251
What is the remainder when 4778257 is divided by 1592751?
4
What is the remainder when 556142 is divided by 261?
212
What is the remainder when 8563571 is divided by 199?
4
What is the remainder when 277910 is divided by 774?
44
What is the remainder when 67804491 is divided by 347?
344
Calculate the remainder when 175482947 is divided by 1986.
1973
What is the remainder when 299947617 is divided by 338?
333
Calculate the remainder when 39305 is divided by 2629.
2499
What is the remainder when 20031 is divided by 18927?
1104
Calculate the remainder when 141090 is divided by 480.
450
Calculate the remainder when 873081136 is divided by 2771.
2769
What is the remainder when 691243 is divided by 166?
19
Calculate the remainder when 122050391 is divided by 114709.
15
What is the remainder when 19427083 is divided by 6142?
6079
Calculate the remainder when 167314 is divided by 4182.
34
What is the remainder when 12900029 is divided by 1946?
1941
What is the remainder when 3681467 is divided by 413?
398
Calculate the remainder when 67721 is divided by 33558.
605
What is the remainder when 7829 is divided by 1097?
150
Calculate the remainder when 688500 is divided by 12986.
242
What is the remainder when 328234 is divided by 1626?
1408
What is the